inder when 3502 is divided by 799.
306
Calculate the remainder when 13165 is divided by 336.
61
Calculate the remainder when 28132 is divided by 828.
808
Calculate the remainder when 60170 is divided by 59925.
245
Calculate the remainder when 5783 is divided by 482.
481
Calculate the remainder when 1895 is divided by 238.
229
Calculate the remainder when 1234 is divided by 142.
98
What is the remainder when 326896 is divided by 33?
31
Calculate the remainder when 372 is divided by 271.
101
Calculate the remainder when 140453 is divided by 9.
8
Calculate the remainder when 3119 is divided by 1061.
997
What is the remainder when 940 is divided by 188?
0
What is the remainder when 3263 is divided by 15?
8
Calculate the remainder when 916 is divided by 658.
258
Calculate the remainder when 10159 is divided by 22.
17
What is the remainder when 18685 is divided by 39?
4
Calculate the remainder when 5193 is divided by 1294.
17
Calculate the remainder when 3104 is divided by 1024.
32
Calculate the remainder when 5478 is divided by 458.
440
What is the remainder when 72732 is divided by 195?
192
Calculate the remainder when 7288 is divided by 486.
484
Calculate the remainder when 331277 is divided by 101.
98
Calculate the remainder when 6337 is divided by 2029.
250
What is the remainder when 324120 is divided by 135?
120
What is the remainder when 364886 is divided by 91220?
6
Calculate the remainder when 10546 is divided by 393.
328
Calculate the remainder when 201199 is divided by 92.
87
What is the remainder when 581949 is divided by 84?
81
Calculate the remainder when 13694 is divided by 444.
374
What is the remainder when 5761 is divided by 54?
37
Calculate the remainder when 338651 is divided by 590.
581
Calculate the remainder when 155031 is divided by 677.
675
What is the remainder when 87827 is divided by 1989?
311
What is the remainder when 52661 is divided by 81?
11
Calculate the remainder when 82380 is divided by 886.
868
What is the remainder when 73562 is divided by 580?
482
Calculate the remainder when 89204 is divided by 108.
104
Calculate the remainder when 87138 is divided by 36.
18
What is the remainder when 38044 is divided by 43?
32
Calculate the remainder when 3379 is divided by 1124.
7
What is the remainder when 49252 is divided by 2923?
2484
Calculate the remainder when 7383 is divided by 52.
51
What is the remainder when 4241 is divided by 2107?
27
What is the remainder when 34690 is divided by 118?
116
Calculate the remainder when 2066 is divided by 518.
512
What is the remainder when 1696 is divided by 847?
2
What is the remainder when 3689 is divided by 44?
37
Calculate the remainder when 7829 is divided by 36.
17
Calculate the remainder when 4116 is divided by 455.
21
Calculate the remainder when 95524 is divided by 15920.
4
Calculate the remainder when 2405 is divided by 546.
221
What is the remainder when 33847 is divided by 1253?
16
What is the remainder when 258625 is divided by 76?
73
What is the remainder when 54283 is divided by 18089?
16
Calculate the remainder when 22642 is divided by 7537.
31
What is the remainder when 3252 is divided by 58?
4
Calculate the remainder when 3924 is divided by 1961.
2
Calculate the remainder when 12588 is divided by 3147.
0
Calculate the remainder when 44511 is divided by 2113.
138
What is the remainder when 65272 is divided by 23?
21
What is the remainder when 2719 is divided by 224?
31
Calculate the remainder when 1480 is divided by 1474.
6
Calculate the remainder when 779 is divided by 381.
17
What is the remainder when 102192 is divided by 13?
12
Calculate the remainder when 13423 is divided by 1913.
32
What is the remainder when 36778 is divided by 6126?
22
What is the remainder when 1309 is divided by 190?
169
What is the remainder when 3427 is divided by 24?
19
What is the remainder when 193870 is divided by 57?
13
What is the remainder when 3522 is divided by 694?
52
Calculate the remainder when 62159 is divided by 30.
29
Calculate the remainder when 563497 is divided by 38.
33
What is the remainder when 10578 is divided by 49?
43
What is the remainder when 9554 is divided by 822?
512
Calculate the remainder when 12483 is divided by 280.
163
Calculate the remainder when 1369 is divided by 25.
19
Calculate the remainder when 4380 is divided by 291.
15
What is the remainder when 48983 is divided by 500?
483
What is the remainder when 20279 is divided by 1126?
11
Calculate the remainder when 4104 is divided by 1246.
366
Calculate the remainder when 37467 is divided by 891.
45
Calculate the remainder when 151849 is divided by 1062.
1045
Calculate the remainder when 22408 is divided by 13.
9
What is the remainder when 49565 is divided by 66?
65
Calculate the remainder when 71282 is divided by 71279.
3
What is the remainder when 4395 is divided by 546?
27
Calculate the remainder when 108482 is divided by 361.
182
What is the remainder when 26062 is divided by 13?
10
What is the remainder when 44681 is divided by 1064?
1057
What is the remainder when 519947 is divided by 530?
17
Calculate the remainder when 2237894 is divided by 745962.
8
What is the remainder when 81666 is divided by 1201?
1199
What is the remainder when 12859 is divided by 2568?
19
Calculate the remainder when 182955 is divided by 11433.
27
Calculate the remainder when 25357 is divided by 62.
61
What is the remainder when 21138 is divided by 967?
831
What is the remainder when 2360 is divided by 41?
23
What is the remainder when 174023 is divided by 12?
11
What is the remainder when 5630 is divided by 5609?
21
What is the remainder when 2759 is divided by 4?
3
What is the remainder when 1087575 is divided by 207?
204
What is the remainder when 4242 is divided by 4102?
140
What is the remainder when 52477 is divided by 36?
25
Calculate the remainder when 259216 is divided by 720.
16
Calculate the remainder when 23508 is divided by 7805.
93
What is the remainder when 132988 is divided by 55?
53
Calculate the remainder when 2087084 is divided by 273.
272
What is the remainder when 202815 is divided by 32?
31
Calculate the remainder when 682458 is divided by 595.
588
What is the remainder when 15803 is divided by 480?
443
Calculate the remainder when 20700 is divided by 6900.
0
What is the remainder when 7243 is divided by 120?
43
What is the remainder when 78525 is divided by 142?
141
Calculate the remainder when 4816 is divided by 100.
16
Calculate the remainder when 164741 is divided by 1056.
5
Calculate the remainder when 4450 is divided by 340.
30
What is the remainder when 16873 is divided by 582?
577
What is the remainder when 8714 is divided by 2805?
299
What is the remainder when 6804 is divided by 13?
5
What is the remainder when 200 is divided by 30?
20
What is the remainder when 443286 is divided by 303?
300
Calculate the remainder when 34927 is divided by 600.
127
Calculate the remainder when 43161 is divided by 568.
561
Calculate the remainder when 25232 is divided by 840.
32
What is the remainder when 11998 is divided by 998?
22
What is the remainder when 33259 is divided by 343?
331
What is the remainder when 9210 is divided by 3880?
1450
Calculate the remainder when 4494 is divided by 303.
252
Calculate the remainder when 6255 is divided by 143.
106
What is the remainder when 588 is divided by 441?
147
Calculate the remainder when 73475 is divided by 3061.
11
Calculate the remainder when 20692 is divided by 2956.
0
What is the remainder when 7180 is divided by 327?
313
What is the remainder when 8026 is divided by 171?
160
Calculate the remainder when 6286 is divided by 203.
196
Calculate the remainder when 35857 is divided by 763.
759
Calculate the remainder when 546306 is divided by 109.
107
What is the remainder when 55079 is divided by 126?
17
Calculate the remainder when 2677 is divided by 156.
25
Calculate the remainder when 17864 is divided by 350.
14
Calculate the remainder when 31708 is divided by 32.
28
Calculate the remainder when 44450 is divided by 99.
98
Calculate the remainder when 5387 is divided by 1074.
17
Calculate the remainder when 1602787 is divided by 49.
46
What is the remainder when 4776 is divided by 611?
499
What is the remainder when 386327 is divided by 236?
231
What 